 2, what is 11000001110001110101111111110 - 11?
11000001110001110101111111011
In base 8, what is -4062375 - -5?
-4062370
In base 4, what is -13123033 + -120?
-13123213
In base 16, what is 14 - -3c7955?
3c7969
In base 11, what is 2 - 98297a?
-982978
In base 10, what is 1 + 35419197?
35419198
In base 11, what is -aa - 7345?
-7444
In base 6, what is 250010 - 41?
245525
In base 2, what is 10000001 + -111110000110001100?
-111110000100001011
In base 3, what is 222 + 1120222212122200?
1120222212200122
In base 10, what is 1695537 - 282?
1695255
In base 16, what is 3 + ce5fbb?
ce5fbe
In base 6, what is 43502511130 - 0?
43502511130
In base 15, what is -2 - 180835?
-180837
In base 3, what is -12010 + -10112200000?
-10112212010
In base 13, what is -62cc4 + -15?
-63009
In base 4, what is -130 - -302123000333?
302123000203
In base 2, what is 10110110001 - 101100100111111?
-101001110001110
In base 14, what is -b6 + 65103b?
650d65
In base 12, what is 325 - bb572?
-bb249
In base 9, what is 5 + -12450586?
-12450581
In base 10, what is 60574 - -1092?
61666
In base 3, what is -120101020022 + 10112?
-120101002210
In base 2, what is 101 + -111111100011001110100100?
-111111100011001110011111
In base 2, what is -1001010110010 - 10000001111101?
-11001100101111
In base 8, what is -274512 - -5362?
-267130
In base 14, what is -5 + 1c5881?
1c587a
In base 11, what is -307801295 - -2?
-307801293
In base 11, what is 290 - -9698?
9978
In base 12, what is 7983b6 - -7?
798401
In base 12, what is -7823 - 184?
-79a7
In base 5, what is 24400 - -2120422?
2200322
In base 16, what is 25ebeb + 2f?
25ec1a
In base 3, what is 222001010101221 + -21?
222001010101200
In base 16, what is -ca71 + -20?
-ca91
In base 11, what is 865402 - 5?
8653a8
In base 15, what is 2530943 - e?
2530934
In base 4, what is 22321202 + -3223?
22311313
In base 12, what is 43 + 29986?
29a09
In base 14, what is -19b69 - -ca?
-19a7d
In base 12, what is -11753a2 + -1?
-11753a3
In base 10, what is 31141714 + -4?
31141710
In base 7, what is -5 - 556410135?
-556410143
In base 2, what is -10100010000 + -11100000110000?
-11110101000000
In base 12, what is 24 + -170824?
-170800
In base 7, what is -3065 + 5600?
2502
In base 14, what is 1 - 9820b?
-9820a
In base 14, what is -172315 + -402?
-172717
In base 6, what is 15 + -14052325?
-14052310
In base 13, what is 158b + -4468?
-2baa
In base 9, what is 572853 + -41?
572812
In base 3, what is 1102121110121 + -11121?
1102121022000
In base 3, what is -11020212 + 21202222?
10112010
In base 9, what is 5 - -10136357?
10136363
In base 12, what is -5 - 58327b?
-583284
In base 8, what is -205 - 511575?
-512002
In base 14, what is -5b9 - 4870?
-5049
In base 12, what is 6 - 845a87?
-845a81
In base 9, what is -205886 - -4134?
-201752
In base 4, what is 11 - -3003010200?
3003010211
In base 12, what is -2067a99 - b?
-2067aa8
In base 16, what is -b + -5c3744?
-5c374f
In base 2, what is -1110011010101000000011 - 1000101?
-1110011010101001001000
In base 16, what is -175dc07 + 5?
-175dc02
In base 8, what is -2 + 165670311?
165670307
In base 10, what is -7727 + -1698?
-9425
In base 16, what is 311da3 - -5?
311da8
In base 6, what is 5214453 + -354?
5214055
In base 14, what is -4cda5 - 14?
-4cdb9
In base 6, what is 125 + -513152000?
-513151431
In base 4, what is -100 - -1331323101?
1331323001
In base 5, what is 132104034 - -1400?
132110434
In base 12, what is 12b - 22901?
-22792
In base 10, what is -2 + -2172066?
-2172068
In base 15, what is -6863b86 - 3?
-6863b89
In base 10, what is -41 + 14696841?
14696800
In base 9, what is 258 - 112876?
-112617
In base 9, what is 5128138 + 7?
5128146
In base 7, what is -1163 - -265121?
263625
In base 8, what is -4155 - -54567?
50412
In base 7, what is 31116514 - 4?
31116510
In base 9, what is 30 - 72803323?
-72803283
In base 5, what is -3 + 1034243211120?
1034243211112
In base 6, what is -1244410 + 214?
-1244152
In base 7, what is -153303 - -4216?
-146054
In base 9, what is 4 - 4864023?
-4864018
In base 13, what is 5 + -431507?
-431502
In base 13, what is 2a3 - a10c?
-9b39
In base 8, what is -5 + 31640161?
31640154
In base 11, what is -14 - -378077a5?
37807791
In base 7, what is -1303204 - -51?
-1303123
In base 12, what is -5033a - -1660?
-4a89a
In base 14, what is 3a - 12570?
-12534
In base 13, what is 3027ab - 3?
3027a8
In base 11, what is 6298 - -5a45a?
65747
In base 16, what is -11053 - -7c5?
-1088e
In base 5, what is 3 - 33231232?
-33231224
In base 7, what is -65 + -204514?
-204612
In base 10, what is -656141 + 10?
-656131
In base 7, what is -2202542 - 15?
-2202560
In base 7, what is 4 + 41032423?
41032430
In base 6, what is -4 - 3341451224?
-3341451232
In base 15, what is 2bbd65 - -54?
2bbdb9
In base 13, what is 1 + -93887c2?
-93887c1
In base 15, what is -5a111d + -b?
-5a1129
In base 10, what is 2 + 379454926?
379454928
In base 14, what is -4 - -7c58a8d?
7c58a89
In base 6, what is 1023331 + -55321?
524010
In base 4, what is -103 - 2002003121?
-2002003230
In base 4, what is -102122020 + -111101?
-102233121
In base 13, what is 3cbc - 952c?
-5540
In base 15, what is 248a5 - -41?
248e6
In base 5, what is 22300443013 + 2?
22300443020
In base 8, what is -3630215 - -50?
-3630145
In base 9, what is 8054827 + -23?
8054804
In base 7, what is -126331 - -45?
-126253
In base 4, what is 11112031 + -13013?
11033012
In base 8, what is 30270523 + -2?
30270521
In base 5, what is -123 + -234440?
-240113
In base 4, what is 1230020313 - -1201?
1230022120
In base 5, what is 340 + -101040014?
-101034124
In base 4, what is -1312323 + -1112?
-1320101
In base 15, what is 7 - b2216?
-b220e
In base 4, what is 23 - -1100300203200?
1100300203223
In base 13, what is 162957 - -693?
16331a
In base 15, what is 14559 + -4eba?
e58e
In base 7, what is 1432 - -162651?
164413
In base 10, what is 3 + 51193797?
51193800
In base 11, what is -1726a - -1a6?
-17074
In base 11, what is 22a11a4 - -13?
22a1207
In base 15, what is -4 + -342719?
-34271d
In base 4, what is -3 + 2302121133301?
2302121133232
In base 4, what is -2230120 - 203122?
-3033302
In base 12, what is 35 - -9b336?
9b36b
In base 5, what is -231 - -132240243?
132240012
In base 14, what is -1d3 + -7094?
-7287
In base 10, what is 80355 + 277?
80632
In base 14, what is 7a49 - -2a?
7a75
In base 10, what is -2 - 149687546?
-149687548
In base 9, what is 4 - -41821161?
41821165
In base 5, what is -113212141124 - -3?
-113212141121
In base 5, what is -134241101032 - 2?
-134241101034
In base 3, what is 1012101201 - -1001121211?
2021000112
In base 9, what is 2332248 - -24?
2332273
In base 12, what is -73aa01 - -9?
-73a9b4
In base 2, what is 10001 - -1000010000110011100111?
1000010000110011111000
In base 10, what is 3 - 214040919?
-214040916
In base 8, what is 16 + -2746044?
-2746026
In base 5, what is 1101 + -344142?
-343041
In base 6, what is 313 + 304044?
304401
In base 5, what is -421 + -123040?
-124011
In base 12, what is 1905b + 5?
19064
In base 6, what is 1555534 - -341?
2000315
In base 8, what is -3 + 1670304?
1670301
In base 7, what is -13164 - -113062?
66565
In base 11, what is 23108 + 4789?
27896
In base 6, what is -44532000511 - -1?
-44532000510
In base 2, what is -1110 + -1010011010100100010?
-1010011010100110000
In base 9, what is 48526077 + 2?
48526080
In base 16, what is -7c17707 - 3?
-7c1770a
In base 4, what is -302221 - 213033?
-1121320
In base 3, what is 1222110210221 - -102?
1222110211100
In base 8, what is 0 + -1351175?
-1351175
In base 10, what is 2 + -18784143?
-18784141
In base 7, what is -6 + -221265265?
-221265304
In base 7, what is -226 + -14430120?
-14430346
In base 8, what is 5313 - -3642?
11155
In base 14, what is -4d8a51d - -3?
-4d8a51a
In base 2, what is 10101 - 100110100101010101011?
-100110100101010010110
In base 3, what is -21211100 + -1222122?
-100210222
In base 3, what is 10002111101020 - 11?
10002111101002
In base 6, what is -24253 + -453343?
-522040
In base 16, what is -2 - 260d910?
-260d912
In base 14, what is d + -3a31dd?
-3a31d0
In base 15, what is -e9b0 + 491a?
-a095
In base 16, what is 440fa5 + 9?
440fae
In base 5, what is -141122010203 + 1?
-141122010202
In base 4, what is 1311011300 - -1230?
1311013130
In base 10, what is 28931665 - 1?
28931664
In base 11, what is 13a1319a + -5?
13a13195
In base 7, 